 What is the remainder when r is divided by 3/(1 + 8/(-10))?
14
Let g = -50 - -53. Calculate the remainder when g is divided by 2.
1
Let k = 74 + -37. Suppose -4*o - 1093 = -k. Calculate the remainder when o/(-15) - 6/(-15) is divided by 10.
8
Let q(m) = m**2 + 3*m. Calculate the remainder when 33 is divided by q(-6).
15
Suppose 3*x - 6 = 3*b, 3*x + 0*x - 5*b - 14 = 0. What is the remainder when 42 is divided by (x - -3)/((-2)/(-44))?
20
Let v = 12 + -8. Suppose v*x + 26 - 178 = 0. What is the remainder when x is divided by 13?
12
Suppose -20 = -4*j - j. Let y = -2 - -5. Suppose y*b - 166 = -j*i, -5*i + 16 = -i. What is the remainder when b is divided by 17?
16
Suppose 3*b - 4*h = 55, 3*b - 2*h = -2*b + 73. Calculate the remainder when 128 is divided by b.
11
Let l = 11 + 4. Let z = 21 - l. What is the remainder when z is divided by 4?
2
Let w(j) = 5*j**3 + j**2. Suppose 8*k - 10 = 70. Calculate the remainder when k is divided by w(1).
4
Suppose 8*r - 10 = 6*r. Calculate the remainder when 19 is divided by r.
4
Suppose t = -0*t + 23. Suppose -5*h + t = -42. Let g = 1 + 4. What is the remainder when h is divided by g?
3
Let f be (-2 + (-1 - -3))/(-1). Suppose -5*j + f*r + 31 = -2*r, -3*r = -j + 14. Let a = -1 + 9. Calculate the remainder when a is divided by j.
3
Let x = 172 - 103. Calculate the remainder when x is divided by 18.
15
Suppose 4*m + 2*k = k - 43, -28 = 4*m + 4*k. What is the remainder when (m/(-7))/(4/42) is divided by 5?
3
Let z(b) = -b**3 + 6*b**2 - 3*b. Calculate the remainder when (-1 + 5)/(6/24) is divided by z(5).
6
Let y(o) = -35*o**3 - o. Let n be y(-1). Let i be 2/(-9) + 80/n. Calculate the remainder when (8/8)/(i/58) is divided by 10.
9
What is the remainder when 38 is divided by 171/13 - (-12)/(-78)?
12
Suppose 36 = -x + 112. Suppose -4*m + x = 8. Suppose 0 = 18*c + 5*c - 1127. What is the remainder when c is divided by m?
15
Let o(q) = -4*q - 10. Let d be o(9). Let g = d - -76. Suppose -x - z - 26 = -3*x, g = 2*x - 3*z. What is the remainder when 22 is divided by x?
10
Calculate the remainder when 3 is divided by (-2 + -3)*-1 + -4.
0
Let q = 22 - 10. Suppose -y = 4*y - 3*f, -3*f = -15. Let c(z) = 4*z**2 - z + 1. What is the remainder when c(y) is divided by q?
10
What is the remainder when 8 is divided by ((-5)/15)/((-2)/36)?
2
Let n(r) = r + 1. Let s be 6*((-3)/6 + 1). Let l(b) = b**3 - 2*b**2 - 3*b + 1. Calculate the remainder when n(0) is divided by l(s).
0
Let j(h) = -3*h - 6. Calculate the remainder when 29 is divided by j(-7).
14
Let p(d) = 2*d + 3. Let l be p(-3). What is the remainder when (32/(-3) - -2)*l is divided by 9?
8
Suppose -79 - 29 = -2*j. Let i = j - 25. Calculate the remainder when i is divided by 15.
14
Let q = 42 + -29. Let s(u) = 2*u - 3. Let x be s(4). Suppose -25 = -x*b - 2*c + 165, 0 = -4*c. What is the remainder when b is divided by q?
12
Let g be 172/4 - (-12)/(-3). Let q = g - 10. What is the remainder when q is divided by 6?
5
Let h(i) = 4*i + 3 - 2 - 8*i. What is the remainder when 8 is divided by h(-1)?
3
Let h be (-7 - -7)/(1 - 3). Suppose h = -2*i + 16 + 10. Calculate the remainder when 22 is divided by i.
9
Let f = -67 + 113. What is the remainder when f is divided by 0/(2 - 0) - -12?
10
Suppose 5 = -3*x + 23. Suppose -3*j + x*j = 0. Suppose j = 4*b - 4*m - 24, -5*b + 5*m = -2*b - 28. What is the remainder when 1 is divided by b?
0
Let r = 11 - 7. Let b(q) = q**2 + 18*q + 94. What is the remainder when b(-5) is divided by (-15)/4*r/(-1)?
14
Let v be 58/18 + 4/(-18). Let g(m) = 2*m**3 - 3*m**2 - 4. Calculate the remainder when g(v) is divided by 12.
11
Let p(m) = -4*m**2 + 2*m**2 + 4*m**2 - m**3 - 1. Let r be p(2). Let t(a) = -36*a**3 - a**2 + a + 1. What is the remainder when t(r) is divided by 12?
11
Let z = 13 - 9. Let o(m) = m**3 - 4*m**2 + 3*m + 1. What is the remainder when 38 is divided by o(z)?
12
Let f = -10 + 19. Calculate the remainder when 24 is divided by f.
6
Suppose 2*d + 32 = -5*c, 53 = -2*d - c + 5. Let x = -1 - d. Calculate the remainder when 48 is divided by x.
23
Suppose 0 = 7*m - 6*m - 5. Suppose -m*x = -169 + 39. Calculate the remainder when x is divided by 7.
5
Suppose 0 = 5*w + 6 - 1, -4 = -c - w. Let o(q) = -q**3 - 10*q**2 - 2*q - 12. What is the remainder when o(-10) is divided by c?
3
Suppose 2*z = 3*n - 16, -n + 2*z - 32 = -6*n. Let q(t) = 3*t - 9. Calculate the remainder when 16 is divided by q(n).
7
Suppose 0 = 5*d - 4*l - 19, -3*d + 2*l - 7*l + 41 = 0. What is the remainder when d is divided by 4?
3
Suppose -3*i + 4*i - 153 = 0. What is the remainder when i is divided by 22?
21
Calculate the remainder when (-141)/(-2) - 2*4/16 is divided by 24.
22
Let m(b) = b**2 - 2*b - 1. Let d be m(3). Let z(i) = i**3 + i**2 - 2*i + 3. Let s = -403 - -444. What is the remainder when s is divided by z(d)?
8
Suppose 3 = -2*p + 7. Suppose 0 = 3*w + p*w - 110. Calculate the remainder when 43 is divided by w.
21
Let c(s) = -2*s**3 + 11*s**2 - 3*s + 3. Calculate the remainder when 51 is divided by c(5).
12
Suppose r = 29 + 1. Calculate the remainder when r is divided by 11.
8
Let g be 3/12 + 381/12. Suppose -2*r = -0*r - g. What is the remainder when (-180)/3*2/(-4) is divided by r?
14
Let g = -16 + 40. What is the remainder when 47 is divided by g?
23
Suppose 3*w = 11 + 34. Suppose 0 = 6*p - 106 - 248. Calculate the remainder when p is divided by w.
14
Suppose -4*k = -2*q + 3 + 1, 8 = 2*q - 2*k. Suppose 0 = 4*l - 0 - 48. Let o = l - q. Calculate the remainder when 16 is divided by o.
4
Suppose 3*c - 312 = -0*c. Suppose -6*q - c = -8*q. Suppose -d + q = 3*d. What is the remainder when d is divided by 4?
1
Let n(v) = 6*v + 16. Calculate the remainder when n(6) is divided by 1 - (-1)/(1/17).
16
Let p(g) = -g**3 - 3*g**2 + 3. Let t be p(-3). Let v = t + -1. Calculate the remainder when v is divided by 1.
0
Suppose k = 19 + 4. Let i(a) = 3*a**2 + 2*a - 7. Calculate the remainder when i(-6) is divided by k.
20
Let a(x) = -112*x**3 - x. Let l be a(-1). Suppose l = 4*t + t - 4*c, -59 = -3*t - 2*c. Calculate the remainder when 41 is divided by t.
20
Suppose -2*x + x + 8 = 0. Suppose -2*f = -26 - 6. What is the remainder when ((-172)/x + -2)*-2 is divided by f?
15
Let b be (-8)/8*(-5 + -1). What is the remainder when 54 is divided by ((-21)/b)/(2/(-16))?
26
Suppose -c + 0*c = f - 51, -3*f - 6 = 0. Calculate the remainder when 210 is divided by c.
51
Suppose q - 19 = -4*m, -57 = -q - 2*q - 2*m. Suppose -j - 3*w = 3*j - 43, -2*j - w = -19. Calculate the remainder when q is divided by j.
5
Let v = -17 + 31. Let d = -41 - -66. What is the remainder when d is divided by v?
11
Suppose 3*s - 83 + 17 = 0. What is the remainder when 64 is divided by s?
20
Let k = 13 - 8. What is the remainder when k is divided by 4?
1
Let x be (-6)/21 + (-61)/7. Let s = x + 14. Calculate the remainder when s is divided by 2.
1
Suppose 2*t = -t + 15. What is the remainder when t/(0 + (-1)/(-2)) is divided by 6?
4
Suppose -3*x + 164 = x + 2*a, 5*x + 3*a - 205 = 0. Calculate the remainder when x is divided by 9.
5
Let p(z) = z + 1. Let i be p(0). Let u be 5/((-16)/(-14) - i). Let n = u - 24. What is the remainder when n is divided by 4?
3
Suppose 5*p = 5*u - 70, -2*u - 2*p = -p - 25. Calculate the remainder when 50 is divided by u.
11
Let y = 7 + 7. What is the remainder when 39 is divided by y?
11
Let q = -33 + 72. Calculate the remainder when q is divided by 10.
9
Calculate the remainder when 107 is divided by 117/26*1*6.
26
Suppose -3*g - 3*k = -g - 38, 0 = g - 4*k + 3. Suppose b + 150 + g = 3*z, 104 = 2*z + 4*b. Calculate the remainder when z is divided by 28.
26
Let f = 21 - 11. Let i = 45 + -16. What is the remainder when i is divided by f?
9
Let s = -9 + 55. Calculate the remainder when 136 is divided by s.
44
What is the remainder when 358/(-3)*(-9)/6 is divided by 13?
10
Let x(z) = -z**3 - 5*z**2 - 2. Suppose 12 = 3*u - 2*u. Calculate the remainder when x(-6) is divided by u.
10
Let f(u) = 4*u - 11. Let r be f(9). Suppose r + 27 = 4*i. Suppose 10 = 3*x + t, 2*t + 34 = 3*x + 9. Calculate the remainder when i is divided by x.
3
Suppose 3*o - o = 26. Calculate the remainder when 23 is divided by o.
10
Let r be (-3)/6 - 1/(-2). Suppose -j + 0*j - 5*o = -23, -3*j + o + 85 = r. Calculate the remainder wh